 (-27)/12. Suppose 3*g = 4*g + 4, -q*f + 5*g + 372 = 0. Suppose -2*s + 27*s - 400 = 0. Calculate the highest common factor of f and s.
16
Let s(m) = -m**2 - 17*m - 12. Let l be s(-16). Let q be l/(-14) + -2*460/(-35). Let i = 10 + q. Calculate the highest common factor of 9 and i.
9
Let v be ((-7872)/10)/(-12)*5*1. Calculate the highest common factor of 1435 and v.
41
Let z = -6537 - -6548. What is the highest common factor of 1243 and z?
11
Let s(z) = 339*z**3 + 2*z**2 - 5*z + 2. Let u be s(1). Let f = 346 - u. Calculate the greatest common divisor of f and 72.
8
Let p = -23 + 8. Let q be 7 - (-3)/(9/p). Let w be 0/q - (12 + -44). Calculate the greatest common factor of w and 16.
16
Let s = -148 + 5598. What is the greatest common divisor of 150 and s?
50
Suppose -2*u + g = -791, 32*g - 37*g + 1985 = 5*u. Calculate the highest common factor of 484 and u.
44
Let o = -9332 + 12032. Calculate the greatest common factor of 10 and o.
10
Let f be -10*(1536/60 - 11). Suppose -2*o - 56 = 2*b + 132, 2*b - 2*o = -172. Let x = b - f. What is the highest common factor of x and 7?
7
Suppose 25*p + 8*p - 13524 = -13*p. Calculate the highest common factor of p and 182.
14
Suppose -15*r = 5*r - 65102 - 128558. What is the greatest common divisor of r and 23?
23
Let q = 1137 - -1111. Calculate the highest common factor of q and 24.
8
Let j = 37 - 29. Let s(h) = -h**2 + 17*h - 18. Let i be s(j). Suppose 0 = -41*c + 25*c + 3456. What is the greatest common divisor of i and c?
54
Suppose 1923 + 1209 = 6*y. Suppose 14*v + y = 1922. Let f be (-6 - -2)/((-2)/10). Calculate the highest common divisor of v and f.
20
Let y be -21 + 21216/28 - (-18)/14. Calculate the greatest common factor of 42 and y.
6
Suppose 0 = 7*u - 50 - 76. Let c be (-5)/(-30) + 51/u. Suppose -c*w + 27 = -2*w. Calculate the highest common divisor of w and 189.
27
Suppose 3*o = -3*s + 5*o + 136, -5*o = 3*s - 101. What is the highest common divisor of s and 1022?
14
Let v be (15 - (-665)/(-57))*1728/10. Calculate the greatest common divisor of 126 and v.
18
Let k be 12/33 - 841/(-319). Let z = -10 + 5. Let i be 35/(k*z/(-15)). Calculate the highest common divisor of 5 and i.
5
Let x = 39 + -9. Let p = 55204 - 55174. What is the highest common divisor of p and x?
30
Suppose 13*m + 3637 = 21*m - 1147. Calculate the greatest common factor of 46 and m.
46
Let f(p) = 330*p**2 - 1361*p + 12. Let r be f(7). What is the greatest common divisor of 110 and r?
55
Suppose 5*l = -3*k + 20, 4*k + 6 = 2*l - 2. Let m = k + 168. What is the highest common divisor of 96 and m?
24
Let c be 5 + 1*2*91/(-14). Let d be c/((-294)/36 + 8). What is the highest common factor of 40 and d?
8
Let a be 616/10 - 4/(-10). Let h = 14217 - 14186. Calculate the greatest common divisor of a and h.
31
Suppose 2*n + 20 = c, 0 = 2*n + c + 3*c. Let r be 4*(2 - (-74)/n). Let b = 11 - r. Calculate the highest common divisor of b and 20.
20
Let z(a) = 47*a - 1. Let t be z(3). Suppose -66*j + 68*j = 82. Suppose -6*h - j = -161. What is the greatest common divisor of t and h?
20
Let t = -10365 + 10737. What is the highest common factor of 713 and t?
31
Suppose 13 = -5*b + 38. Let l be (1/(b/10))/(-1 + 3). Suppose m - t - 5 = 0, -5*m = 5*t - 8 + 23. What is the highest common divisor of l and m?
1
Let h = -34 - -36. Let a be (-16)/(-200) + -104*(-60)/125. What is the greatest common factor of a and h?
2
Suppose 0 = 21*w + 8431 + 7130. Let c = w - -767. Calculate the greatest common factor of 143 and c.
13
Let l be (-80456)/20*330/(-132). Calculate the greatest common factor of l and 445.
89
Let k(m) = -m**2 - 242*m + 3879. Let z be k(15). What is the highest common divisor of 2484 and z?
12
Suppose 124 = 8*v - 2*t + 14, 5*t - 25 = 0. What is the greatest common divisor of 243 and v?
3
Let p(z) = -5*z + 205. Let l be p(40). Suppose -l*s + 19 = -2356. Calculate the highest common factor of 19 and s.
19
Let j = 2016 + -1660. Calculate the greatest common divisor of 623 and j.
89
Let p(k) be the second derivative of 71*k**3/6 - 5*k**2/2 + 11*k. Let u be p(1). What is the greatest common divisor of u and 6?
6
Suppose 82 = -3*j + 13. Let y = -14 - j. Let q = 6 + -5. Calculate the greatest common factor of q and y.
1
Suppose 0 = 3*j + 5*a - 3154, 4*j - 19*a + 22*a = 4209. What is the highest common factor of j and 405?
81
Suppose -d + 14 = 3*f - 30, 3*f = 4*d - 236. Let b(j) = 483*j + 511. Let y be b(-1). Calculate the greatest common divisor of y and d.
28
Suppose 233 = u - 119. Suppose 18*x + 884 = -4*r + 14*x, r = x - 211. Let y be -4 + (r/(-45))/(4/30). Calculate the greatest common divisor of y and u.
32
Let u be 2*1 - (-17 - -25). Let h be (-5)/9*u*(-18)/(-4). Calculate the highest common factor of 20 and h.
5
Let h = -287 - -395. Let m = -19 - -17. Let a be 2360/88 + m/(-11). Calculate the greatest common factor of h and a.
27
Let f = 488 + -239. Let c = f - 132. Suppose -b = 3*d - c, 2*d = -d - 5*b + 129. Calculate the greatest common factor of d and 19.
19
Let t(d) = d**3 - d**2 + 3*d - 2. Suppose 0 = -5*w + w + 8. Let q be t(w). Let l be q*((-66)/(-30) + 2/(-10)). What is the highest common factor of l and 2?
2
Let g(o) = 9*o**3 - 36*o**2 + 3*o + 21. Let f be g(4). Calculate the highest common factor of f and 1023.
33
Let s be 36/30*31 + (-186)/155. Let t be ((-126)/8)/(1/(-4)). What is the highest common divisor of s and t?
9
Let w be (-20)/6 + (-22)/33. Let d be w*1 + (-17 - -24). Let l(z) = 3*z**2 - 5*z + 9. Let n be l(d). What is the greatest common divisor of 21 and n?
21
Let n(y) = 12*y + 98. Let r be n(-5). Calculate the highest common divisor of 4864 and r.
38
Suppose 81*g - 1160586 = -346*g. Calculate the highest common factor of g and 6.
6
Let w be (-8)/(-4 - (-330)/84). What is the highest common divisor of w and 14?
14
Let d = 3168 + -3135. Calculate the highest common factor of 3531 and d.
33
Let k(z) = -z**3 + 18*z**2 + 22*z + 8. Let b be k(20). Let n = 361 + b. Suppose -3*i + 12 + 15 = 0. What is the greatest common divisor of n and i?
9
Suppose -253*u + 2*j + 18372 = -252*u, -2*u + 3*j = -36749. What is the greatest common factor of 202 and u?
202
Suppose -36 = -4*d - 3*v, -5*d - 2*v + 40 + 12 = 0. Suppose d*g - 17*g + 75 = 0. What is the highest common divisor of g and 645?
15
Suppose 19*z - 79 - 1194 = 0. What is the greatest common factor of 1 and z?
1
Suppose 2*q + 51 = s, 13*s - 16*s = 5*q - 109. Suppose 5521 + 11937 = 14*w. What is the highest common factor of w and s?
43
Let r(c) = 7*c**2 + c - 5. Let j be r(4). Let n be (77/(-231))/((-1)/(-117)). Let g = j + n. What is the greatest common factor of 9 and g?
9
Suppose -11 = -4*k + 1. Let r be 1/(1/(-5) - 10/(-25)). Let h be 12 - 2 - r - -1. What is the greatest common divisor of h and k?
3
Let f = -2850 + 2854. Calculate the highest common divisor of f and 82.
2
Let b be 210/9 - 8*2/(-24). What is the highest common factor of b and 498?
6
Suppose -3*o + 144 = 3*u, -u - 5*o + 29 = -3. What is the highest common divisor of 2587 and u?
13
Suppose 3*r + 4*c = 14, -20 + 4 = 3*r - 2*c. Let q be -22*(-77)/(-28)*r. Calculate the greatest common factor of 22 and q.
11
Let m = 27997 - 27516. Calculate the highest common divisor of 703 and m.
37
Suppose -5*k = 2*b - 19280, 11*b - 7*b + 7712 = 2*k. Calculate the highest common factor of 32 and k.
16
Let c be ((-19)/(-57) + -5)*(2 + -32). Calculate the highest common divisor of c and 504.
28
Suppose 127*g = 144 + 872. Let b(c) = 37*c - 12. Let k be b(4). Calculate the greatest common divisor of k and g.
8
Let r(m) = 47*m + 1750. Let p be r(-37). What is the greatest common factor of p and 1397?
11
Let b(o) = 168*o**3 + 6*o**2 + 16*o - 36. Let i be b(3). Calculate the greatest common divisor of i and 78.
78
Let n be 3 + (-22)/(-8) - (-2)/8. Let a(x) = -7*x**3 - 13*x**2 + 13*x - 1. Let g be a(-3). What is the greatest common factor of n and g?
2
Let p(o) = 34*o**2 + o - 93. Let q be p(6). Calculate the greatest common factor of q and 3.
3
Suppose -30*q + 76*q - 100845 = -37*q. Calculate the highest common divisor of q and 15.
15
Let p = -7563 + 7871. Suppose 6*a = 3*a + 132. Calculate the highest common divisor of a and p.
44
Let q be 2 + (4 - 1) - (1 - 1). Let f(u) = -17*u + 15. Let t be f(q). Let s be (114/(-30) + 3)*t/4. Wh